{"id":10,"date":"2010-05-14T20:36:31","date_gmt":"2010-05-14T18:36:31","guid":{"rendered":"http:\/\/timcasparboehme.de\/?page_id=10"},"modified":"2010-05-15T18:06:37","modified_gmt":"2010-05-15T16:06:37","slug":"artikel","status":"publish","type":"page","link":"https:\/\/timcasparboehme.de\/?page_id=10","title":{"rendered":"Artikel"},"content":{"rendered":"<p><strong>Eine Auswahl:<\/strong><\/p>\n<p><a href=\"http:\/\/www.taz.de\/1\/leben\/musik\/artikel\/1\/kontrollverluste-im-schnee\/\">Ice Music Festival in Norwegen: Kontrollverluste im Schnee (taz)<\/a><\/p>\n<p><a href=\"http:\/\/www.taz.de\/1\/archiv\/print-archiv\/printressorts\/digi-artikel\/?ressort=ku&amp;dig=2009%2F09%2F22%2Fa0032&amp;cHash=f3df3f5c3e\">David Sylvian: Der furchtlose Wanderer (taz)<\/a><\/p>\n<p><a href=\"http:\/\/www.taz.de\/1\/leben\/musik\/artikel\/1\/mein-geist-ist-betruebt\/\">Experimental-Hip-Hopper Gonjasufi: Mein Geist ist betr\u00fcbt (taz)<\/a><\/p>\n<p><a href=\"http:\/\/www.taz.de\/1\/leben\/musik\/artikel\/1\/pioniere-aus-duesseldorf\/\">Krautrock: Pioniere aus D\u00fcsseldorf (taz)<\/a><\/p>\n<p><a href=\"http:\/\/www.taz.de\/1\/leben\/musik\/artikel\/1\/der-club-als-marke\/\">Techno-Clubs gr\u00fcnden Plattenlabels: Der Club als Marke (taz)<\/a><\/p>\n<p><a href=\"http:\/\/www.taz.de\/1\/archiv\/digitaz\/artikel\/?ressort=ku&#038;dig=2008%2F02%2F23%2Fa0236&#038;cHash=b002432112\/\/\">Cecil Taylor: Spannungsb\u00f6gen wie M\u00f6biusb\u00e4nder (taz)<br \/>\n<\/a><br \/>\n<a href=\"http:\/\/www.taz.de\/1\/archiv\/print-archiv\/printressorts\/digi-artikel\/?ressort=ku&#038;dig=2009%2F03%2F21%2Fa0155&#038;cHash=d048f1b37b\">Ben Johnston: Die Temperierung der T\u00f6ne (taz)<\/a><\/p>\n<p><a href=\"http:\/\/www.taz.de\/1\/leben\/kuenste\/artikel\/1\/singen-und-saugen\/\">Radio Muezzin: Singen und Saugen (taz)<\/a><\/p>\n<p><a href=\"http:\/\/www.taz.de\/1\/leben\/film\/artikel\/1\/denker-der-neurose\/\">Slavoj Zizek: Denker der Neurose (taz)<\/a><\/p>\n<p><a href=\"http:\/\/www.taz.de\/1\/zukunft\/konsum\/artikel\/1\/verbotene-speisen\/\">\u00dcber Essen und Strafen (taz)<\/a><\/p>\n<p><a href=\"http:\/\/www.spex.de\/2010\/04\/16\/fuenf-sechs-minuten-ohne-kompromiss-marcel-dettmann-spex326\/\">Marcel Dettmann: F\u00fcnf, sechs Minuten ohne Kompromiss (Spex)<\/a><\/p>\n<p><a href=\"http:\/\/de-bug.de\/mag\/6124.html\">Die Karajan-Boys: Craig Craig &amp; Moritz von Oswald (De:Bug)<\/a><\/p>\n<p><a href=\"http:\/\/de-bug.de\/mag\/7191.html\">Island: 2-Millionen-Euro-Elfen (De:Bug)<\/a><\/p>\n<p><a href=\"http:\/\/groove.de\/reviews.php?id=4843\">Mike Monday: Songs Without Words Part 1 (Groove)<\/a><\/p>\n<p><a href=\"http:\/\/www.ithaka-journal.net\/wenn-pflanzen-um-hilfe-rufen\">Wenn Pflanzen um Hilfe rufen (Ithaka)<\/a><\/p>\n<p><a href=\"http:\/\/www.ithaka-journal.net\/zehn-ideen-zur-rettung-der-welt\">Zehn Ideen zur Rettung der Welt (Ithaka)<\/a><\/p>\n","protected":false},"excerpt":{"rendered":"<p>Eine Auswahl: Ice Music Festival in Norwegen: Kontrollverluste im Schnee (taz) David Sylvian: Der furchtlose Wanderer (taz) Experimental-Hip-Hopper Gonjasufi: Mein Geist ist betr\u00fcbt (taz) Krautrock: Pioniere aus D\u00fcsseldorf (taz) Techno-Clubs gr\u00fcnden Plattenlabels: Der Club als Marke (taz) Cecil Taylor: Spannungsb\u00f6gen wie M\u00f6biusb\u00e4nder (taz) Ben Johnston: Die Temperierung der T\u00f6ne (taz) Radio Muezzin: Singen und Saugen [&hellip;]<\/p>\n","protected":false},"author":1,"featured_media":0,"parent":0,"menu_order":0,"comment_status":"open","ping_status":"open","template":"","meta":{"footnotes":""},"class_list":["post-10","page","type-page","status-publish","hentry"],"_links":{"self":[{"href":"https:\/\/timcasparboehme.de\/index.php?rest_route=\/wp\/v2\/pages\/10","targetHints":{"allow":["GET"]}}],"collection":[{"href":"https:\/\/timcasparboehme.de\/index.php?rest_route=\/wp\/v2\/pages"}],"about":[{"href":"https:\/\/timcasparboehme.de\/index.php?rest_route=\/wp\/v2\/types\/page"}],"author":[{"embeddable":true,"href":"https:\/\/timcasparboehme.de\/index.php?rest_route=\/wp\/v2\/users\/1"}],"replies":[{"embeddable":true,"href":"https:\/\/timcasparboehme.de\/index.php?rest_route=%2Fwp%2Fv2%2Fcomments&post=10"}],"version-history":[{"count":25,"href":"https:\/\/timcasparboehme.de\/index.php?rest_route=\/wp\/v2\/pages\/10\/revisions"}],"predecessor-version":[{"id":75,"href":"https:\/\/timcasparboehme.de\/index.php?rest_route=\/wp\/v2\/pages\/10\/revisions\/75"}],"wp:attachment":[{"href":"https:\/\/timcasparboehme.de\/index.php?rest_route=%2Fwp%2Fv2%2Fmedia&parent=10"}],"curies":[{"name":"wp","href":"https:\/\/api.w.org\/{rel}","templated":true}]}}